culate -160 - (-309 + 140) - (1 + -2 + 0 + 57).
-47
Evaluate 48 + -25 + -7 + 19 + -1 + 0.
34
Evaluate (382 + -368 - (-4 - -1)) + -6 + 13.
24
What is -182 + -2 + -7387 + 7494?
-77
Calculate -35 - (-24 - (-17 + (37 - 80))).
-71
236 - (-14 - (-1 - 135))
114
Calculate 1 + -4 + (-14 - -8) + 13 - -38.
42
Evaluate 1 - (8 - 6) - (-192 + 227).
-36
Evaluate -216 - -197 - (6 + -51).
26
(29 - 65) + 6 + 37 + 84
91
Calculate -29 - ((66 - 153) + 61).
-3
18 + (-10 - (25 - 3 - 21)) - 69
-62
What is -28 + 3 + (-20 - -5) + -6?
-46
What is -63 + 202 - (-146 - -144 - (-10 - (-1 - -3)))?
129
(129 - (-120 + 146)) + 27
130
Calculate (-52 - -6) + -645 + 581.
-110
Calculate (183 + 4 - (-53 + 68)) + -45.
127
What is the value of 3 + 11 + -6 + (4 - -2) + -13 - -64?
65
What is the value of 4 - 3 - (18 + -37)?
20
What is -36 - (-2 + 4 - (-61 + 69) - 0)?
-30
What is the value of 10 + (9054 + -9127 - (-14 + 0 + -1))?
-48
What is the value of 1 + -14 + -103 + 45?
-71
What is (-5 + (-6 - -30) - 6 - 12) + 6?
7
51 - ((-63 - -21) + 130)
-37
What is the value of 10 - (24 + (-17 - -3)) - -17?
17
Evaluate 2 + (-4 - -5 - 100) + (8 - -19) + -21.
-91
75 + (-43 + 0 - (-135 + 122))
45
Calculate -94 - -98 - (-14 - (0 + -8)).
10
What is 13 - 0 - (-79 + 93 - -4)?
-5
What is -63 + 57 + (-5 - (11 + -13)) + 19?
10
Evaluate -5 + -230 + 75 + 72.
-88
27 - (8 + -5) - (-14 + 21 + -9)
26
What is the value of -66 + 35 + 95 + -72?
-8
What is the value of -5 + (38 + -1 - (-211 + 206)) - -19?
56
Calculate 46 + 0 + -10314 + 10299.
31
Evaluate 11 - ((1 + -9 - -10 - 3) + 70).
-58
107 + -245 + 113 + -14
-39
What is -121 + 136 - (-1 + (-3 - 4)) - -4?
27
What is (-2 - -4 - -3) + 3 - (392 - 387)?
3
Evaluate 7 + -13 + 0 + -22 + 10.
-18
What is the value of -55 + 68 - (5 - 9 - (0 - 29))?
-12
What is the value of (-8 - (-3 - (-12 + 12 + -1))) + -1 - 36?
-43
What is the value of 9 + 1 + -98 + -49 + -12 + 97?
-52
What is the value of -1 - (53 + 0) - (61 + (-18 - 59))?
-38
What is 1079 + -1028 + (1 - 0)?
52
-70 + -10 + ((-10 - -2) + 2 - (-495 - -484))
-75
What is 4 + -13 + 0 + (18 - 25 - -22)?
6
What is the value of -6 - (20 + (-34 - 12))?
20
(42 + -34 - -37) + -63
-18
Evaluate (1 - 15 - (-41 + -76 + 26) - 11) + 6.
72
Evaluate (28 - 12) + -46 + -94 + 9.
-115
What is 19 + 47 + -41 - (25 - -3)?
-3
Calculate (-41 - 43) + 52 + 36.
4
What is the value of 6 - (12 + -14) - (-63 + 57 - (20 + 1))?
35
Evaluate -1 - 111 - ((-21 + 17 - (-20 + 20)) + -9).
-99
-50 - ((40 - (17 + 4)) + -15)
-54
What is the value of -16 + -51 + (195 - 134)?
-6
What is 67 + (-112 + 44 - -103)?
102
Calculate -22 + 21 - (9 - -2).
-12
Evaluate 5 + -6 - (-1 - (10 - -6)) - (-2 - 5).
23
-45 - (-51 + -74 + 83)
-3
What is the value of 56 - 43 - (50 + -6)?
-31
What is the value of ((-5 - (-3 + 4)) + -3 - -8 - -40) + 10?
49
Calculate (-48 - -52) + -5 + (-59 - (-2 - -6)).
-64
Calculate -45 + (28 + 32 - 10) + 106.
111
What is 42 - (4 + (-7 - -8)) - (97 + -117)?
57
5 + 3 + -1 + (-55 + 93 - (-19 - -3))
61
What is -6 - (-34 + (-31 - -63) + (0 - 46) - 7)?
49
Evaluate -9 - (-30 - -39 - (5 + (-3 - -3))).
-13
Calculate -1 + 10 + 0 - (-2328 + 2369).
-32
Evaluate -162 + 59 + (20 - -1).
-82
Evaluate -65 + 14 - (1 - (-3 + -1) - (11 - 7)).
-52
Evaluate 12 - (32 + -41 + 18).
3
Evaluate (-5 - 1) + (-471 - -543) + (-8 - -1).
59
333 + -354 - (28 - 4)
-45
(2 - (2 - -1)) + 29 + -9 + 27 + -56
-10
What is the value of 8 - 3 - (-5 + 7 - 38)?
41
-5592 + 5468 + (-1 - -241)
116
45 + -165 + 32 + 63
-25
9 + 4 + (30 - 24) - -8
27
Evaluate -947 + 880 + -40 + 1.
-106
What is the value of -7 - -11 - (33 - (25 + -11))?
-15
What is the value of (17 - (46 - 38)) + (3 - -10)?
22
What is the value of 47 + (38 + -32 - 58)?
-5
What is the value of 19 + 1 + 635 + -621?
34
Calculate -14 + (9 - (-21 + 59)).
-43
-1228 + 1245 - (1 - (-1 - ((7 - 2) + 1)))
9
3934 + -3939 + (2 - 3) + -8
-14
Evaluate (8 - 0) + -1 - (-8 - (-50 + 21)).
-14
(34 - (40 - -9)) + 26
11
Evaluate -2 - (-15 - (-10 - 30 - -30)).
3
Calculate 15 - (-8 + 20 + 12 + -11 + -11).
13
1 + 5 - ((-27 - -1) + 1 - (-32 - -38))
37
Evaluate -10 - 34 - -17 - -44.
17
63 + 3 + -400 + 404
70
What is the value of (27 - 2 - (192 + -206)) + -7 + 5?
37
What is 2 + 32 + 0 + -5 + -21 + 12?
20
Evaluate -37 - ((0 + 21 - 50) + 41).
-49
What is 0 - 1 - 72 - (291 + -138 + -130)?
-96
What is the value of 80 + (25 - (62 + 76))?
-33
What is the value of 10 + (-20 + 18 - 9) + 36?
35
54 - (258 + -248 + (0 - -4 - (6 + 1)))
47
Evaluate -2 + (-65 - -95) - -21.
49
(-131 - (-120 + -7)) + (-5 - (1 + -2))
-8
Evaluate 4 - ((-5 - (1 - 48 - 12)) + -9).
-41
What is the value of 30 + (2 - 1) + -7 + (1118 - 1100)?
42
What is -49 + -4 + (1 - (5 + (-27 - -8) + 2))?
-40
-5 - (1 + -6 + 112) - (135 + -156)
-91
Evaluate (8 - (15 - 9)) + (-10 - -4) - -2.
-2
Evaluate -5 + 19 + -12 + (4 - -18).
24
((3 - (-3 - -10)) + 6 - -7) + 7 + -14
2
Evaluate 7 + (18 + -6 - (-3 + 10) - -48).
60
Calculate 16 - (-39 - -25) - 40.
-10
What is the value of 78 + -6 + 99 - 129?
42
Calculate -35 + -1 + 56 + (24 - 8).
36
Calculate 2 + (70 + (-12 - (-15 - 10)) - -11).
96
What is 91 + -7 + -6 + -34?
44
-4 + 19 + (-13 - -3) + 8 - (71 + -10)
-48
What is (2 - 3 - (14 - 10 - 2)) + -97 - -3?
-97
What is the value of 75 + (-55 - 127) + 130?
23
What is the value of (-13 - (-33 - -21) - (-2 + 39)) + 3?
-35
Calculate -419 + 351 - (3 + -26).
-45
-19 + 0 + (-143 + 40 - -104)
-18
What is -6 + -25 + (-39 - -30)?
-40
-8 - (-4 + (7 + -17 - (-5 - 3)))
-2
What is the value of 0 - 162 - (-122 - (-106 + 10)) - (0 - 5)?
-131
What is -19 - (7 + (-13 - (-9 - -13)) + -3)?
-6
Calculate -177 - -2 - (-3311 + 3234).
-98
Calculate 84 - -15 - (-41 + 97).
43
What is the value of -52 + (2 - (5 - ((-1 - 8) + -8 + 17)))?
-55
Calculate 49 + (-18 - -33) + -93.
-29
What is (-1 - -13) + (-102 - -8 - -71)?
-11
Calculate -3149 - -3126 - (-6 - 0 - (2 - -4 - 4)).
-15
Evaluate (-14 - -6 - (-2 + -16)) + (-41 - 73) - 8.
-112
Evaluate 144 + -178 + -71 + 54.
-51
-38 - (-35 + 33 + -39)
3
What is (-72 - (-120 - -48)) + 45 + -3?
42
21 + -32 + 7 + (100 - 86)
10
0 - -79 - (-36 + (81 - 55) + 12)
77
-2 + -2 - (54 + -105 - -58)
-11
Evaluate (-40 - -49) + ((2 - 1) + (-20 - -23) - 7).
6
What is (-53 + 150 - 90) + (8 - 4 - 5) + 45?
51
(-6 - 49) + (37 - 43) + 5
-56
-18 + (-12 - -64) + -9 - 19
6
Evaluate 25 - (83 + (153 - 211) + (-83 - 0)).
83
What is the value of -3 + (18 - (23 - 18)) + -22?
-12
290 + -312 + (5 + -4 + 8 - 4)
-17
(52 - 59) + (1 - (2 - 8) - 6)
-6
-3 + (-858 - -865) + (0 - -2 - -49)
55
Evaluate 65 + (-2 - -2) + (-40 - -70 - 42).
53
3 + -3 + (-40 - -45 - (-4 + -43))
52
-57 + -8 + (-13 - (9 + -19)) + 12
-56
What is the value of -10 + (11 - -4) + -31 - (9 + 4)?
-39
Evaluate 5 - (-6 + (-5 - -19) + -21 + 15).
3
Calculate -7 + 21 + -11 + -17 + (46 - -3).
35
Calculate -97 + 68 + 47 + -2.
16
94 - (-18 + 4) - -11 - (-5 - -4)
120
-16 - (-10 - 2) - (40 - (-4 + -7))
-55
Evaluate (70 - (30 + -41)) + 11 + -52.
40
Evaluate (-22 - (10 + (-17 - 6))) + -50 + 28.
-31
(-9 - -4) + (5 - -50) + (-16 - (14 - 17))
37
Calculate 47 + -16 + -19 - 25.
-13
What is 4 - (-79 - (-13 + -24))?
46
Calculate (22 - (-17 + 29)) + -49 - -34.
-5
What is the value of 10 - 1 - (-10 - (-46 + -12))?
-39
61 + -4 + (-7 - 8)
42
What is the value of -1 + -35 + (27 - (54 - 22)) + 7?
-34
(-14 - (3 + 4)) + 20 + (-2 - -9)
6
Calculate -29 + -8 + -14 + 51 + (100 - 0 - 2).
98
(-8 + -1 - (1 - 7)) + (2 - 0) + 27
26
Calculate -52 - -49 - (86 + 3).
-92
What is -2 + -12 + 0 + (-3 - -153) + (163 - 169)?
130
22 + -1 - ((-4 - 85) + 52) - 17
41
11 + (54 - -8) + (-13 - 8) + 10
62
(0 - 34 - (45 + -59)) + -18
-38
8 - 7 - (10 - (7 - -1 - -19))
18
What is the value of -6 + -13 - -23 - (-24 + 17)?
11
12 + 1 + (57 - (54 - -16))
0
Evaluate (64 - (47 + -15)) + -11.
21
What is (171 - 155 - 10) + 1 + -1 + 2?
8
Calculate (-4954 - -4942) + (24 - -1).
13
Evaluate -36 - -70 - -1 - 7.
28
What is the value of (-19 + -20 + 68 - (-1 + 7)) + -17?
6
-9 - (16 - (-26 + 47 + 27))
23
32 + (53 - 58) + -56
-29
What is the value of 106 - 1 - (-33600 - -33622)?
83
Calculate (-3 - -2) + (0 - (1 - -13)) + -16 + 21.
-10
78 + 51 + -200 - -65
-6
-2 - 24 - (-139 + 111 + -78)
80
What is the value of 52 - (-6 + 3) - (-81 - (70 - 149))?
57
Evaluate 112 + 35 + -92 - 121.
-66
What is the value of 40 - (0 + (5 - 2) + (273 - 279)) - 5?
38
What is 1 + -4 + 1